 is the hundreds digit of 1965181?
1
What is the hundreds digit of 151421?
4
What is the millions digit of 16241976?
6
What is the ten thousands digit of 4172716?
7
What is the tens digit of 9062299?
9
What is the ten thousands digit of 7047819?
4
What is the hundred thousands digit of 190685?
1
What is the hundred thousands digit of 220253?
2
What is the tens digit of 7244480?
8
What is the units digit of 37471?
1
What is the tens digit of 6997527?
2
What is the units digit of 4127223?
3
What is the tens digit of 7273396?
9
What is the units digit of 96868?
8
What is the thousands digit of 65445?
5
What is the hundreds digit of 3617413?
4
What is the tens digit of 2686255?
5
What is the thousands digit of 13063573?
3
What is the units digit of 10615960?
0
What is the thousands digit of 14592817?
2
What is the ten thousands digit of 5037699?
3
What is the hundred thousands digit of 229141?
2
What is the hundreds digit of 669108?
1
What is the millions digit of 1196865?
1
What is the hundreds digit of 2858232?
2
What is the hundreds digit of 2626535?
5
What is the millions digit of 12289799?
2
What is the ten thousands digit of 297222?
9
What is the hundreds digit of 789938?
9
What is the thousands digit of 25985?
5
What is the hundreds digit of 316783?
7
What is the ten thousands digit of 262695?
6
What is the hundreds digit of 787024?
0
What is the millions digit of 4154181?
4
What is the ten thousands digit of 1687475?
8
What is the units digit of 124984?
4
What is the ten thousands digit of 6210083?
1
What is the ten thousands digit of 630804?
3
What is the hundreds digit of 315667?
6
What is the tens digit of 3023232?
3
What is the ten millions digit of 37470518?
3
What is the ten thousands digit of 17820371?
2
What is the tens digit of 821733?
3
What is the tens digit of 4666647?
4
What is the hundred thousands digit of 16436052?
4
What is the hundreds digit of 2493408?
4
What is the hundred thousands digit of 11992633?
9
What is the hundred thousands digit of 827276?
8
What is the thousands digit of 901352?
1
What is the hundred thousands digit of 5466275?
4
What is the thousands digit of 178504?
8
What is the hundreds digit of 834557?
5
What is the ten thousands digit of 24453703?
5
What is the ten thousands digit of 191829?
9
What is the units digit of 464830?
0
What is the hundreds digit of 9556559?
5
What is the thousands digit of 87552?
7
What is the tens digit of 2857961?
6
What is the ten thousands digit of 340654?
4
What is the units digit of 1862401?
1
What is the tens digit of 131692?
9
What is the hundreds digit of 648980?
9
What is the tens digit of 1214654?
5
What is the units digit of 3821528?
8
What is the millions digit of 1838194?
1
What is the ten thousands digit of 786601?
8
What is the ten thousands digit of 1322561?
2
What is the ten thousands digit of 182421?
8
What is the millions digit of 29380799?
9
What is the ten thousands digit of 236735?
3
What is the tens digit of 537786?
8
What is the units digit of 249656?
6
What is the units digit of 2879916?
6
What is the thousands digit of 35918?
5
What is the ten thousands digit of 3006466?
0
What is the ten millions digit of 21273939?
2
What is the ten thousands digit of 366771?
6
What is the millions digit of 2717437?
2
What is the units digit of 1479348?
8
What is the hundreds digit of 3652200?
2
What is the tens digit of 816381?
8
What is the hundreds digit of 30803?
8
What is the hundred thousands digit of 14035027?
0
What is the hundreds digit of 3470860?
8
What is the tens digit of 949086?
8
What is the thousands digit of 76478?
6
What is the tens digit of 1365941?
4
What is the ten thousands digit of 21837027?
3
What is the hundreds digit of 98366?
3
What is the thousands digit of 702131?
2
What is the hundreds digit of 11835687?
6
What is the hundreds digit of 10036072?
0
What is the hundred thousands digit of 9274518?
2
What is the thousands digit of 607623?
7
What is the ten thousands digit of 1881666?
8
What is the tens digit of 63076?
7
What is the thousands digit of 3101230?
1
What is the tens digit of 6798931?
3
What is the ten thousands digit of 233638?
3
What is the units digit of 264164?
4
What is the hundreds digit of 12986?
9
What is the tens digit of 7018243?
4
What is the units digit of 16887344?
4
What is the units digit of 64461?
1
What is the tens digit of 546018?
1
What is the thousands digit of 13879411?
9
What is the hundreds digit of 934369?
3
What is the ten thousands digit of 3049163?
4
What is the ten thousands digit of 46415?
4
What is the hundreds digit of 125857?
8
What is the thousands digit of 794989?
4
What is the ten thousands digit of 57467?
5
What is the ten thousands digit of 31681660?
8
What is the millions digit of 2850467?
2
What is the ten millions digit of 24127580?
2
What is the thousands digit of 10007479?
7
What is the millions digit of 5223001?
5
What is the tens digit of 10729362?
6
What is the tens digit of 7972320?
2
What is the units digit of 164097?
7
What is the units digit of 6770683?
3
What is the hundreds digit of 992989?
9
What is the thousands digit of 611375?
1
What is the ten thousands digit of 68168?
6
What is the hundred thousands digit of 336233?
3
What is the millions digit of 2238860?
2
What is the hundreds digit of 1664514?
5
What is the ten thousands digit of 694251?
9
What is the hundreds digit of 582281?
2
What is the millions digit of 1556834?
1
What is the units digit of 6386948?
8
What is the millions digit of 8774327?
8
What is the hundreds digit of 818182?
1
What is the ten millions digit of 10149060?
1
What is the thousands digit of 209242?
9
What is the ten thousands digit of 180806?
8
What is the thousands digit of 2585728?
5
What is the hundred thousands digit of 4733843?
7
What is the ten thousands digit of 1468752?
6
What is the ten thousands digit of 2543707?
4
What is the hundreds digit of 5897465?
4
What is the units digit of 7836901?
1
What is the thousands digit of 632339?
2
What is the thousands digit of 27563225?
3
What is the hundred thousands digit of 244211?
2
What is the hundred thousands digit of 2897130?
8
What is the hundred thousands digit of 480119?
4
What is the tens digit of 87301?
0
What is the hundred thousands digit of 5458947?
4
What is the tens digit of 1441074?
7
What is the tens digit of 408799?
9
What is the ten thousands digit of 2757033?
5
What is the hundred thousands digit of 310127?
3
What is the hundred thousands digit of 1924133?
9
What is the ten thousands digit of 205559?
0
What is the ten thousands digit of 75327?
7
What is the ten thousands digit of 51820?
5
What is the millions digit of 1455713?
1
What is the hundred thousands digit of 2275902?
2
What is the hundreds digit of 417540?
5
What is the ten thousands digit of 446392?
4
What is the units digit of 1024?
4
What is the thousands digit of 277289?
7
What is the hundreds digit of 855489?
4
What is the millions digit of 1280778?
1
What is the ten thousands digit of 2894080?
9
What is the thousands digit of 23147018?
7
What is the ten thousands digit of 228188?
2
What is the thousands digit of 201933?
1
What is the hundreds digit of 540285?
2
What is the hundred thousands digit of 343751?
3
What is the ten thousands digit of 1788262?
8
What is the tens digit of 179733?
3
What is the hundred thousands digit of 1543391?
5
What is the units digit of 2454755?
5
What is the units digit of 8071181?
1
What is the tens digit of 200684?
8
What is the hundred thousands digit of 28202030?
2
What is the hundreds digit of 969301?
3
What is the hundred thousands digit of 1727557?
7
What is the thousands digit of 3951070?
1
What is the thousands digit of 1430123?
0
What is the ten thousands digit of 2541011?
4
What is the hundreds digit of 289496?
4
What is the tens digit of 550310?
1
What is the ten millions digit of 30167123?
3
What is the tens digit of 111580?
8
What is the tens digit of 1265312?
1
What is the units digit of 4438507?
7
What is the tens digit of 589042?
4
What is the ten thousands digit of 232388?
3
What is the ten thousands digit of 350103?
5
What is the units digit of 694701?
1
What is the thousands digit of 151412?
1
What is the thousands digit of 285281?
5
What is the hundred thousand